{"id":481,"date":"2024-07-09T20:10:10","date_gmt":"2024-07-09T18:10:10","guid":{"rendered":"https:\/\/bottegadarteportorotondo.it\/?post_type=product&#038;p=481"},"modified":"2024-07-09T20:12:19","modified_gmt":"2024-07-09T18:12:19","slug":"tovaglia-in-puro-lino-con-24-tovaglioli","status":"publish","type":"product","link":"https:\/\/bottegadarteportorotondo.it\/?product=tovaglia-in-puro-lino-con-24-tovaglioli","title":{"rendered":"TOVAGLIA IN PURO LINO CON 24 TOVAGLIOLI"},"content":{"rendered":"<h2><\/h2>\n<p>La tovaglia 100% lino rappresenta una scelta intramontabile per chi desidera un tocco di eleganza e raffinatezza nelle proprie occasioni speciali. Realizzata con materiali di altissima qualit\u00e0, questa tovaglia si distingue per la sua durabilit\u00e0 e per la sua capacit\u00e0 di aggiungere un tocco sofisticato a qualsiasi tavola.<\/p>\n<p>MISURE 150X 300<\/p>\n<p>&nbsp;<\/p>\n","protected":false},"excerpt":{"rendered":"<p>La tovaglia 100% lino rappresenta una scelta intramontabile per chi desidera un tocco di eleganza e raffinatezza nelle proprie occasioni speciali. Realizzata con materiali di altissima qualit\u00e0, questa tovaglia si distingue per la sua durabilit\u00e0 e per la sua capacit\u00e0 di aggiungere un tocco sofisticato a qualsiasi tavola. MISURE 150X 300 &nbsp;<\/p>\n","protected":false},"featured_media":482,"template":"","meta":{"_monsterinsights_skip_tracking":false,"_monsterinsights_sitenote_active":false,"_monsterinsights_sitenote_note":"","_monsterinsights_sitenote_category":0,"_kadence_starter_templates_imported_post":false,"_kad_post_transparent":"default","_kad_post_title":"","_kad_post_layout":"default","_kad_post_sidebar_id":"","_kad_post_content_style":"default","_kad_post_vertical_padding":"default","_kad_post_feature":"","_kad_post_feature_position":"","_kad_post_header":false,"_kad_post_footer":false},"product_cat":[15],"product_tag":[],"aioseo_notices":[],"jetpack_sharing_enabled":true,"_links":{"self":[{"href":"https:\/\/bottegadarteportorotondo.it\/index.php?rest_route=\/wp\/v2\/product\/481"}],"collection":[{"href":"https:\/\/bottegadarteportorotondo.it\/index.php?rest_route=\/wp\/v2\/product"}],"about":[{"href":"https:\/\/bottegadarteportorotondo.it\/index.php?rest_route=\/wp\/v2\/types\/product"}],"wp:featuredmedia":[{"embeddable":true,"href":"https:\/\/bottegadarteportorotondo.it\/index.php?rest_route=\/wp\/v2\/media\/482"}],"wp:attachment":[{"href":"https:\/\/bottegadarteportorotondo.it\/index.php?rest_route=%2Fwp%2Fv2%2Fmedia&parent=481"}],"wp:term":[{"taxonomy":"product_cat","embeddable":true,"href":"https:\/\/bottegadarteportorotondo.it\/index.php?rest_route=%2Fwp%2Fv2%2Fproduct_cat&post=481"},{"taxonomy":"product_tag","embeddable":true,"href":"https:\/\/bottegadarteportorotondo.it\/index.php?rest_route=%2Fwp%2Fv2%2Fproduct_tag&post=481"}],"curies":[{"name":"wp","href":"https:\/\/api.w.org\/{rel}","templated":true}]}}