{"id":308,"date":"2024-05-17T10:38:12","date_gmt":"2024-05-17T08:38:12","guid":{"rendered":"https:\/\/bottegadarteportorotondo.it\/?post_type=product&#038;p=308"},"modified":"2024-05-19T08:45:06","modified_gmt":"2024-05-19T06:45:06","slug":"6-bicchieri-gin-tonic","status":"publish","type":"product","link":"https:\/\/bottegadarteportorotondo.it\/?product=6-bicchieri-gin-tonic","title":{"rendered":"6 BICCHIERI GIN &#038; TONIC"},"content":{"rendered":"<h2>Caratteristiche del Vetro Borosilicato<\/h2>\n<p>Il vetro borosilicato \u00e8 ampiamente riconosciuto per la sua eccezionale resistenza e durata, caratteristiche che lo distinguono da altri tipi di vetro. Composto principalmente da silice e ossido di boro, questo materiale vanta una bassa espansione termica, il che significa che pu\u00f2 resistere a temperature estreme senza rischiare di rompersi o deformarsi. Questa propriet\u00e0 \u00e8 particolarmente utile per i bicchieri da aperitivo, che possono essere soggetti a rapidi cambiamenti di temperatura quando vengono utilizzati per bevande sia calde che fredde.<\/p>\n<p>&nbsp;<\/p>\n","protected":false},"excerpt":{"rendered":"<p>Caratteristiche del Vetro Borosilicato Il vetro borosilicato \u00e8 ampiamente riconosciuto per la sua eccezionale resistenza e durata, caratteristiche che lo distinguono da altri tipi di vetro. Composto principalmente da silice e ossido di boro, questo materiale vanta una bassa espansione termica, il che significa che pu\u00f2 resistere a temperature estreme senza rischiare di rompersi o&#8230;<\/p>\n","protected":false},"featured_media":309,"template":"","meta":{"_monsterinsights_skip_tracking":false,"_monsterinsights_sitenote_active":false,"_monsterinsights_sitenote_note":"","_monsterinsights_sitenote_category":0,"_kadence_starter_templates_imported_post":false,"_kad_post_transparent":"default","_kad_post_title":"","_kad_post_layout":"default","_kad_post_sidebar_id":"","_kad_post_content_style":"default","_kad_post_vertical_padding":"default","_kad_post_feature":"","_kad_post_feature_position":"","_kad_post_header":false,"_kad_post_footer":false},"product_cat":[15],"product_tag":[],"aioseo_notices":[],"jetpack_sharing_enabled":true,"_links":{"self":[{"href":"https:\/\/bottegadarteportorotondo.it\/index.php?rest_route=\/wp\/v2\/product\/308"}],"collection":[{"href":"https:\/\/bottegadarteportorotondo.it\/index.php?rest_route=\/wp\/v2\/product"}],"about":[{"href":"https:\/\/bottegadarteportorotondo.it\/index.php?rest_route=\/wp\/v2\/types\/product"}],"wp:featuredmedia":[{"embeddable":true,"href":"https:\/\/bottegadarteportorotondo.it\/index.php?rest_route=\/wp\/v2\/media\/309"}],"wp:attachment":[{"href":"https:\/\/bottegadarteportorotondo.it\/index.php?rest_route=%2Fwp%2Fv2%2Fmedia&parent=308"}],"wp:term":[{"taxonomy":"product_cat","embeddable":true,"href":"https:\/\/bottegadarteportorotondo.it\/index.php?rest_route=%2Fwp%2Fv2%2Fproduct_cat&post=308"},{"taxonomy":"product_tag","embeddable":true,"href":"https:\/\/bottegadarteportorotondo.it\/index.php?rest_route=%2Fwp%2Fv2%2Fproduct_tag&post=308"}],"curies":[{"name":"wp","href":"https:\/\/api.w.org\/{rel}","templated":true}]}}