{"id":145,"date":"2024-04-16T19:59:54","date_gmt":"2024-04-16T17:59:54","guid":{"rendered":"https:\/\/bottegadarteportorotondo.it\/?post_type=product&#038;p=145"},"modified":"2024-06-25T19:08:09","modified_gmt":"2024-06-25T17:08:09","slug":"servizio-di-piatti-18-pezzi","status":"publish","type":"product","link":"https:\/\/bottegadarteportorotondo.it\/?product=servizio-di-piatti-18-pezzi","title":{"rendered":"SERVIZIO DI PIATTI 18 PEZZI"},"content":{"rendered":"<p>&nbsp;<\/p>\n<p>La caratteristica distintiva di questi piatti \u00e8 il loro gioco di colori in scala cromatica. Ogni piatto presenta una combinazione unica di tonalit\u00e0 e sfumature che si fondono armoniosamente insieme. Questo crea un effetto visivo mozzafiato che sicuramente catturer\u00e0 l&#8217;attenzione dei tuoi ospiti.<\/p>\n<p>Realizzati in ceramica di alta qualit\u00e0, questi piatti sono resistenti e durevoli. Puoi usarli quotidianamente o riservarli per occasioni speciali, sapendo che manterranno sempre il loro aspetto impeccabile.<\/p>\n<p>&nbsp;<\/p>\n","protected":false},"excerpt":{"rendered":"<p>&nbsp; La caratteristica distintiva di questi piatti \u00e8 il loro gioco di colori in scala cromatica. Ogni piatto presenta una combinazione unica di tonalit\u00e0 e sfumature che si fondono armoniosamente insieme. Questo crea un effetto visivo mozzafiato che sicuramente catturer\u00e0 l&#8217;attenzione dei tuoi ospiti. Realizzati in ceramica di alta qualit\u00e0, questi piatti sono resistenti e&#8230;<\/p>\n","protected":false},"featured_media":146,"template":"","meta":{"_monsterinsights_skip_tracking":false,"_monsterinsights_sitenote_active":false,"_monsterinsights_sitenote_note":"","_monsterinsights_sitenote_category":0,"_kadence_starter_templates_imported_post":false,"_kad_post_transparent":"default","_kad_post_title":"","_kad_post_layout":"default","_kad_post_sidebar_id":"","_kad_post_content_style":"default","_kad_post_vertical_padding":"default","_kad_post_feature":"","_kad_post_feature_position":"","_kad_post_header":false,"_kad_post_footer":false},"product_cat":[23],"product_tag":[],"aioseo_notices":[],"jetpack_sharing_enabled":true,"_links":{"self":[{"href":"https:\/\/bottegadarteportorotondo.it\/index.php?rest_route=\/wp\/v2\/product\/145"}],"collection":[{"href":"https:\/\/bottegadarteportorotondo.it\/index.php?rest_route=\/wp\/v2\/product"}],"about":[{"href":"https:\/\/bottegadarteportorotondo.it\/index.php?rest_route=\/wp\/v2\/types\/product"}],"wp:featuredmedia":[{"embeddable":true,"href":"https:\/\/bottegadarteportorotondo.it\/index.php?rest_route=\/wp\/v2\/media\/146"}],"wp:attachment":[{"href":"https:\/\/bottegadarteportorotondo.it\/index.php?rest_route=%2Fwp%2Fv2%2Fmedia&parent=145"}],"wp:term":[{"taxonomy":"product_cat","embeddable":true,"href":"https:\/\/bottegadarteportorotondo.it\/index.php?rest_route=%2Fwp%2Fv2%2Fproduct_cat&post=145"},{"taxonomy":"product_tag","embeddable":true,"href":"https:\/\/bottegadarteportorotondo.it\/index.php?rest_route=%2Fwp%2Fv2%2Fproduct_tag&post=145"}],"curies":[{"name":"wp","href":"https:\/\/api.w.org\/{rel}","templated":true}]}}